he highest common divisor of 222 and 68199584?
74
What is the highest common factor of 530561053 and 2123?
2123
Calculate the highest common factor of 3384263 and 35615.
419
What is the greatest common divisor of 2515 and 43085?
5
Calculate the greatest common factor of 34289918 and 3373.
3373
What is the greatest common divisor of 389035 and 41035?
145
Calculate the highest common divisor of 52 and 111653.
1
What is the highest common divisor of 76 and 519301?
1
What is the greatest common factor of 755 and 670289?
151
What is the highest common divisor of 633 and 438269?
1
Calculate the greatest common divisor of 102 and 526144764.
102
Calculate the greatest common factor of 1861725 and 15150.
75
Calculate the greatest common divisor of 1187799102 and 378.
126
What is the greatest common divisor of 533474 and 182778?
1486
What is the highest common divisor of 397 and 51148289?
397
What is the greatest common divisor of 14353920 and 1386?
126
Calculate the highest common divisor of 1354752 and 2304.
2304
What is the highest common factor of 144232 and 14608?
88
What is the highest common divisor of 6 and 1012532?
2
Calculate the highest common factor of 47 and 1442759.
47
Calculate the greatest common divisor of 132 and 23765676.
132
What is the greatest common factor of 365 and 9255889?
73
Calculate the greatest common divisor of 282504 and 6818964.
948
Calculate the highest common factor of 11242 and 26864365.
803
Calculate the greatest common factor of 1744202 and 116390.
206
What is the highest common factor of 30797 and 73217859?
1339
What is the highest common factor of 27537 and 19765?
67
Calculate the highest common factor of 16068 and 103412.
412
What is the greatest common factor of 235 and 137965445?
235
Calculate the highest common factor of 4267671 and 2034.
339
What is the highest common divisor of 7682 and 129904?
46
What is the highest common factor of 462 and 73058986?
154
What is the greatest common factor of 1434 and 128829?
3
What is the greatest common divisor of 17115 and 12635?
35
Calculate the highest common divisor of 126 and 28523166.
42
Calculate the greatest common divisor of 77871192 and 644.
644
Calculate the highest common divisor of 494 and 1139164.
494
What is the greatest common factor of 794928 and 36?
12
What is the greatest common divisor of 13130 and 2083630?
1010
Calculate the greatest common factor of 1735835 and 615.
5
What is the greatest common factor of 229420 and 60?
20
Calculate the highest common divisor of 73943326 and 19.
19
What is the highest common divisor of 275 and 7273090?
55
What is the greatest common divisor of 11264 and 512600?
88
Calculate the greatest common factor of 351 and 65874276.
351
What is the greatest common divisor of 11543298 and 156?
78
What is the greatest common divisor of 30 and 24213680?
10
Calculate the highest common factor of 1514 and 52494922.
1514
Calculate the highest common factor of 1180014 and 198.
66
What is the highest common factor of 21164 and 725842?
26
What is the greatest common divisor of 2541 and 8589427?
847
Calculate the greatest common factor of 255016 and 285496.
1016
What is the greatest common factor of 544984 and 531311?
121
Calculate the greatest common factor of 69270 and 211349697.
6927
What is the highest common factor of 2229813 and 16677?
981
Calculate the highest common divisor of 6396275 and 100.
25
Calculate the highest common factor of 2832 and 8471220.
708
What is the greatest common factor of 7196 and 33096203?
1799
Calculate the greatest common factor of 3796616 and 72.
8
Calculate the greatest common divisor of 2418 and 281113456.
806
What is the highest common factor of 10692413 and 237?
79
Calculate the highest common divisor of 69 and 20443992.
3
Calculate the highest common divisor of 319 and 76425411.
29
Calculate the greatest common factor of 679936 and 55386112.
8192
Calculate the greatest common divisor of 276127 and 7448.
19
Calculate the greatest common divisor of 42 and 122568.
6
Calculate the greatest common divisor of 254978123 and 15286.
7643
What is the highest common factor of 57330 and 5115110?
6370
Calculate the highest common factor of 117 and 83575674.
117
Calculate the highest common factor of 9135552 and 13248.
192
Calculate the highest common divisor of 871100561 and 103.
103
What is the greatest common factor of 54010520 and 290?
10
What is the greatest common divisor of 305722 and 15934?
62
What is the greatest common divisor of 99074960 and 120?
40
Calculate the greatest common divisor of 22892965 and 1105.
85
What is the greatest common factor of 505 and 33933778?
101
Calculate the greatest common factor of 676 and 68604.
4
Calculate the greatest common divisor of 2375 and 132640710.
95
Calculate the highest common divisor of 224 and 179494.
14
What is the highest common divisor of 30712 and 16386248?
2792
What is the highest common divisor of 51424966 and 1490?
298
Calculate the highest common factor of 56802950 and 151725.
7225
Calculate the highest common factor of 1911 and 324224719.
637
What is the greatest common factor of 959261 and 2597827?
4117
Calculate the greatest common factor of 34 and 80996619.
17
Calculate the highest common divisor of 26531 and 4944021.
617
Calculate the highest common divisor of 9328075 and 7450.
25
Calculate the highest common factor of 11 and 15223333.
1
What is the highest common divisor of 15456 and 6238106?
322
Calculate the greatest common factor of 3694344 and 3.
3
Calculate the greatest common factor of 263460056 and 136.
8
Calculate the highest common divisor of 960 and 5285505.
15
Calculate the greatest common divisor of 10021740 and 85668.
708
Calculate the highest common divisor of 37769155 and 85.
85
Calculate the greatest common factor of 19618 and 560844.
1154
What is the highest common factor of 177361141 and 2207?
2207
Calculate the greatest common divisor of 64 and 1206608.
16
Calculate the greatest common factor of 535 and 168026701.
107
What is the highest common factor of 2380653 and 396?
99
What is the highest common divisor of 117 and 79452576?
9
What is the highest common divisor of 540 and 15065136?
108
What is the greatest common factor of 10334315 and 425475?
9455
What is the highest common factor of 1582 and 34055036?
226
Calculate the greatest common divisor of 215025 and 75606450.
4575
Calculate the highest common factor of 165 and 1365645.
15
What is the greatest common factor of 61707814 and 43155?
959
Calculate the greatest common divisor of 13856 and 92384.
32
What is the highest common factor of 3444 and 609769384?
1148
What is the greatest common factor of 114 and 103981566?
114
Calculate the greatest common divisor of 142510 and 1010.
10
Calculate the highest common factor of 20176164 and 161100.
6444
Calculate the greatest common factor of 227700648 and 72.
72
Calculate the highest common divisor of 37574944 and 88.
88
What is the highest common divisor of 141 and 324561?
3
What is the highest common factor of 18646714 and 20178?
2242
What is the greatest common factor of 46 and 193539319?
23
What is the highest common factor of 135 and 661032465?
15
What is the highest common divisor of 707547467 and 4202?
2101
Calculate the greatest common divisor of 85572 and 23696313.
7131
Calculate the highest common divisor of 15157 and 5168905.
23
Calculate the greatest common divisor of 5002191 and 1953.
279
What is the greatest common factor of 1084259 and 2078384?
2651
Calculate the greatest common divisor of 129 and 80476693.
43
What is the highest common factor of 4 and 162060?
4
What is the greatest common divisor of 4709 and 35456?
277
What is the highest common divisor of 72 and 200309832?
72
Calculate the highest common factor of 608 and 2684384.
32
What is the highest common divisor of 86866136 and 14?
14
Calculate the highest common factor of 6840 and 16691880.
2280
Calculate the greatest common factor of 2538737 and 1756.
439
What is the highest common factor of 18 and 2461398?
6
Calculate the highest common divisor of 5598 and 103038654.
1866
Calculate the highest common factor of 85376 and 115988632.
5336
What is the greatest common factor of 22814 and 544?
34
What is the highest common factor of 6592959 and 2792?
349
Wha